{"id":7,"date":"2026-04-03T15:38:56","date_gmt":"2026-04-03T15:38:56","guid":{"rendered":"https:\/\/intrastat.work\/?page_id=7"},"modified":"2026-04-03T15:43:28","modified_gmt":"2026-04-03T15:43:28","slug":"cm88-nen-tang-giai-tri-truc-tuyen-duoc-quan-tam-hien-nay","status":"publish","type":"page","link":"https:\/\/intrastat.work\/","title":{"rendered":"CM88 \u2013 N\u1ec1n T\u1ea3ng Gi\u1ea3i Tr\u00ed Tr\u1ef1c Tuy\u1ebfn \u0110\u01b0\u1ee3c Quan T\u00e2m Hi\u1ec7n Nay"},"content":{"rendered":"\n<div class=\"row\"  id=\"row-970893169\">\n\n\n\t<div id=\"col-1457222256\" class=\"col small-12 large-12\"  >\n\t\t\t\t<div class=\"col-inner\"  >\n\t\t\t\n\t\t\t\n\n<h1 style=\"text-align: center;\" data-section-id=\"12rgi5h\" data-start=\"106\" data-end=\"158\"><strong>CM88 \u2013 N\u1ec1n T\u1ea3ng Gi\u1ea3i Tr\u00ed Tr\u1ef1c Tuy\u1ebfn \u0110\u01b0\u1ee3c Quan T\u00e2m<\/strong><\/h1>\n<p style=\"text-align: left;\" data-start=\"160\" data-end=\"433\">CM88 l\u00e0 n\u1ec1n t\u1ea3ng gi\u1ea3i tr\u00ed tr\u1ef1c tuy\u1ebfn \u0111\u01b0\u1ee3c nhi\u1ec1u ng\u01b0\u1eddi d\u00f9ng l\u1ef1a ch\u1ecdn nh\u1edd kh\u1ea3 n\u0103ng v\u1eadn h\u00e0nh \u1ed5n \u0111\u1ecbnh v\u00e0 giao di\u1ec7n d\u1ec5 s\u1eed d\u1ee5ng. H\u1ec7 th\u1ed1ng \u0111\u01b0\u1ee3c thi\u1ebft k\u1ebf \u0111\u1ec3 t\u01b0\u01a1ng th\u00edch t\u1ed1t tr\u00ean c\u1ea3 \u0111i\u1ec7n tho\u1ea1i l\u1eabn m\u00e1y t\u00ednh, gi\u00fap ng\u01b0\u1eddi d\u00f9ng thao t\u00e1c nhanh v\u00e0 thu\u1eadn ti\u1ec7n trong qu\u00e1 tr\u00ecnh tr\u1ea3i nghi\u1ec7m.<\/p>\n<p style=\"text-align: left;\" data-start=\"435\" data-end=\"617\">N\u1ec1n t\u1ea3ng cung c\u1ea5p nhi\u1ec1u h\u00ecnh th\u1ee9c gi\u1ea3i tr\u00ed kh\u00e1c nhau, mang l\u1ea1i s\u1ef1 \u0111a d\u1ea1ng v\u00e0 linh ho\u1ea1t khi s\u1eed d\u1ee5ng. C\u00e1c t\u00ednh n\u0103ng \u0111\u01b0\u1ee3c s\u1eafp x\u1ebfp r\u00f5 r\u00e0ng, gi\u00fap ng\u01b0\u1eddi m\u1edbi c\u0169ng c\u00f3 th\u1ec3 d\u1ec5 d\u00e0ng l\u00e0m quen.<\/p>\n<p style=\"text-align: left;\" data-start=\"619\" data-end=\"773\">B\u00ean c\u1ea1nh \u0111\u00f3, CM88 ch\u00fa tr\u1ecdng t\u1ed1i \u01b0u t\u1ed1c \u0111\u1ed9 x\u1eed l\u00fd v\u00e0 b\u1ea3o m\u1eadt th\u00f4ng tin, g\u00f3p ph\u1ea7n duy tr\u00ec tr\u1ea3i nghi\u1ec7m \u1ed5n \u0111\u1ecbnh cho ng\u01b0\u1eddi d\u00f9ng trong su\u1ed1t qu\u00e1 tr\u00ecnh tham gia.<\/p>\n\n\t\t<\/div>\n\t\t\t\t\t<\/div>\n\n\t\n\n<\/div>\n\n","protected":false},"excerpt":{"rendered":"","protected":false},"author":1,"featured_media":0,"parent":0,"menu_order":0,"comment_status":"closed","ping_status":"closed","template":"","meta":{"footnotes":""},"class_list":["post-7","page","type-page","status-publish","hentry"],"_links":{"self":[{"href":"https:\/\/intrastat.work\/index.php\/wp-json\/wp\/v2\/pages\/7","targetHints":{"allow":["GET"]}}],"collection":[{"href":"https:\/\/intrastat.work\/index.php\/wp-json\/wp\/v2\/pages"}],"about":[{"href":"https:\/\/intrastat.work\/index.php\/wp-json\/wp\/v2\/types\/page"}],"author":[{"embeddable":true,"href":"https:\/\/intrastat.work\/index.php\/wp-json\/wp\/v2\/users\/1"}],"replies":[{"embeddable":true,"href":"https:\/\/intrastat.work\/index.php\/wp-json\/wp\/v2\/comments?post=7"}],"version-history":[{"count":2,"href":"https:\/\/intrastat.work\/index.php\/wp-json\/wp\/v2\/pages\/7\/revisions"}],"predecessor-version":[{"id":10,"href":"https:\/\/intrastat.work\/index.php\/wp-json\/wp\/v2\/pages\/7\/revisions\/10"}],"wp:attachment":[{"href":"https:\/\/intrastat.work\/index.php\/wp-json\/wp\/v2\/media?parent=7"}],"curies":[{"name":"wp","href":"https:\/\/api.w.org\/{rel}","templated":true}]}}